k. Calculate the highest common factor of 182 and a.
26
Let z be 6/(-16) - 25425/(-600). Calculate the highest common divisor of 12 and z.
6
Let t = -426 + 459. What is the greatest common divisor of 11 and t?
11
Let l(s) = s**3 + 11*s**2 + 6*s - 18. Let j be l(-9). Suppose 2*m + j = 5*m. Let v = -56 - -101. Calculate the highest common factor of m and v.
15
Let j be (32/12)/((-2)/(-12)). Suppose -2*z = -3*v + 13, -4*z - 3*v + j = -3*z. Suppose d = 3 - z. What is the greatest common divisor of d and 22?
2
Let c = 42 - 18. Let d = -17 + 29. Calculate the highest common factor of d and c.
12
Suppose 0 = -3*b - 15, -2*o - 3*b = -7*b - 58. Let m be ((-409)/2)/(1/(-2)). Suppose 69 + m = 5*t + f, -3 = -f. What is the greatest common divisor of o and t?
19
Let b(x) = -8*x - 326. Let z be b(-42). What is the greatest common factor of 290 and z?
10
Suppose j + 26 = 5*t, 17 = 7*t - 3*t + 3*j. What is the highest common factor of 265 and t?
5
Suppose -3706*i + 972 = -3702*i. What is the highest common divisor of 675 and i?
27
Suppose -5*j = -30 - 35. Let g be j/((-26)/(-28))*(19 - -1). What is the highest common factor of 40 and g?
40
Let s(v) = -v**3 - 15*v**2 + 27*v - 110. Let w be s(-17). Let o(m) = m**3 + 63. Let l be o(0). Calculate the greatest common divisor of l and w.
9
Let p(f) = -f. Let y be p(-5). Let j be -4 + (-3 + 1 - -2) + 49. What is the greatest common divisor of y and j?
5
Suppose 5*s - 583 = -3*k, 4*s = 8*s + 5*k - 469. Calculate the highest common divisor of 522 and s.
58
Let x be (-114)/(-7) - (-6)/(-21). Let l(u) = 3*u**2 - 4*u. Let q be (12/(-10))/(45/(-300)). Let n be l(q). Calculate the greatest common factor of n and x.
16
Let o be (2 + (-30)/9)/(36/(-4752)). Calculate the greatest common factor of o and 33.
11
Suppose 0 = -5*m + 5 + 10. Suppose r + 5 = m. Let o be (-24)/r + (1 - -2). What is the highest common factor of 10 and o?
5
Let m be (12/(-7))/((-4)/126). Suppose -p - m = -4*p - 4*r, 4*p = 4*r + 72. Calculate the highest common divisor of p and 36.
18
Suppose -23*q + 2077 = -522. Calculate the greatest common divisor of 1243 and q.
113
Let i(b) = -b**3 - 3*b**2 - 4*b - 2. Let r be i(-3). What is the highest common divisor of r and 86?
2
Let r be 0 - (215/(-1) - 1). Let k be (2/8)/(21592/(-864) - -25). What is the greatest common divisor of k and r?
27
Suppose 0 = -4*f - 12, -4*u - 5 = -8*u - f. Let a be (8/(-20))/((-1)/10). Calculate the highest common factor of u and a.
2
Suppose -16 = 5*a - 9*a. Suppose 3*y - 35 = 4*o - 0*o, a*o - 33 = -y. Suppose z = 25 + y. Calculate the highest common factor of z and 28.
14
Let r(o) = -o**3 + 7*o**2 + 10. Let y = 10 - 14. Let g be y/(-3)*(-21)/(-4). Let w be r(g). Calculate the highest common factor of 80 and w.
10
Let i(s) = -2*s**2 + 41*s - 25. Let y be i(22). Let x = -1 - y. What is the highest common factor of x and 18?
18
Suppose 58*g - 24 = 34*g. What is the greatest common divisor of 31 and g?
1
Let t(s) = 28*s**3 - 4*s**2 + 45*s - 114. Let y be t(3). Calculate the greatest common factor of y and 39.
39
Let j(p) = 15*p**3 - 3*p + 5. Let o be j(2). Let g = o + -117. What is the highest common divisor of 22 and g?
2
Let a(p) = p**3 - 3*p**2 + p - 3. Let m = -16 + 16. Suppose m*s - 12 = -3*s. Let i be a(s). Calculate the highest common factor of i and 51.
17
Suppose -7*s + 44 = -5*s + 4*u, -4*s - 2*u = -106. Calculate the greatest common factor of s and 28.
28
Let g be ((-3 - 3) + 3)/(-1). Let r be (-10)/(-30) - (-5)/g. Calculate the greatest common factor of r and 3.
1
Let g be (0 - -1)/(1/(-52)*-4). Suppose -910 = -z - g*z. Calculate the highest common factor of z and 5.
5
Suppose 3*d - 31 = z, 3*z + 13 = d + 4*z. Let u(c) = c**3 - 9*c**2 - 21*c + 6. Let l be u(d). Calculate the highest common factor of l and 1.
1
Let t(w) = -w**3 - 46*w**2 - 44*w + 99. Let g be t(-46). What is the greatest common factor of 11 and g?
11
Let m = 1015 + -798. Calculate the greatest common divisor of m and 93.
31
Suppose -1 = 2*s - 3*s. Let c be ((-33)/(-6) - s)*(-8)/(-6). What is the greatest common factor of 66 and c?
6
Let o = -241 - -367. What is the greatest common factor of 42 and o?
42
Let c(u) = -105*u + 3279. Let l be c(31). Suppose 0*v - 3 = -v. What is the highest common factor of v and l?
3
Let g = -9 - -13. Let p = 192 - 156. Calculate the highest common factor of p and g.
4
Suppose -123 = -u - 71. Calculate the greatest common divisor of u and 20.
4
Let h be (7/(-14))/((-1)/(-16)). Let r(b) = 2*b + 11. Let a be r(h). Let c be (a/(-3))/5*12. Calculate the greatest common factor of 28 and c.
4
Let x(s) = s**2 + 4*s - 10. Suppose 0 = -4*g - 2*a - 106, 100 = -5*g - 2*a + 6*a. Let p = -30 - g. Let r be x(p). What is the highest common divisor of 4 and r?
2
Suppose -4*h + 29*y - 33*y = -52, -89 = -5*h + y. What is the highest common divisor of 34 and h?
17
Let u be 996/3 - (-2 + 5 + 0). Calculate the greatest common divisor of u and 94.
47
Let z(d) = 23*d**3 + 2*d**2 + 3. Let y be z(2). What is the highest common divisor of y and 26?
13
Let g(f) = -9*f**3 + 2*f + 3. Let d be g(-1). Suppose 5*l + 220 = d*l. What is the greatest common factor of l and 11?
11
Let v = 7 - 3. Let z(n) = -1 + 0 + 6 - 3 + n + n**3. Let h be z(0). Calculate the highest common factor of h and v.
2
Suppose 96*y = 86*y + 110. What is the greatest common factor of y and 2?
1
Let n be (6*(-2)/9)/((-9)/648). Calculate the highest common divisor of n and 6.
6
Let z be (-46 + 0)*(10 + (-29)/1). What is the highest common divisor of z and 38?
38
Suppose 4*p = 18 + 278. What is the greatest common factor of 2 and p?
2
Let f(x) = -x + 16. Let w(l) = -2*l**3 - 3*l**2 + 3*l + 4. Let m be w(-3). Suppose -2*r + m = 8. Let g be f(r). What is the highest common divisor of 18 and g?
9
Let j(n) = n**2 - 6*n + 1. Let g be j(5). Let l(q) = -q**2 - 7*q. Let o be l(g). Calculate the greatest common divisor of 18 and o.
6
Let d be 10/(-60) + 73/6. Suppose 2*r = -n - 2*r + 32, 5*n - 236 = -r. Calculate the greatest common divisor of n and d.
12
Suppose 0 = -15*z - 10*z + 1900. Calculate the highest common factor of z and 361.
19
Let s = -158 + -147. Let a = s - -885. Suppose 0 = -4*z + x + a, -2*x + 284 = 2*z - x. What is the highest common divisor of z and 18?
18
Let c be (-4)/(1*4/6). Let j be -1*(-24)/10 + c/(-10). Calculate the highest common divisor of 1 and j.
1
Suppose 276*c = 271*c + 25. Calculate the greatest common divisor of c and 1.
1
Let m(b) = b**3 + 40*b**2 - 55*b + 38. Let q be m(-41). Calculate the highest common factor of 36 and q.
36
Let d be 151/(-2) - 15/(-10). Let i = 114 + d. Calculate the greatest common divisor of i and 360.
40
Let p(n) = 2*n**2 + 2*n + 25. Let u be p(-5). What is the greatest common factor of 25 and u?
5
Suppose -4*x + 0*t + 32 = 2*t, x - 5*t - 8 = 0. Suppose 2*g = -7 + 119. Calculate the greatest common factor of x and g.
8
Suppose -45*r + 100 = -40*r. Suppose 0 = -3*m + r + 82. What is the greatest common divisor of 51 and m?
17
Let n be (5 - 4)/((-1)/(-14)). Suppose 0 = 3*q + 4*f - 28, -1 = -2*q + f + n. Calculate the highest common divisor of 4 and q.
4
Suppose -2*r - 2*m - m = -21, -5*m = r - 28. Suppose j = -r*g - 20, j = -5*g + g - 28. Let x = g + 38. What is the highest common factor of x and 150?
30
Let q(n) be the first derivative of -n**3/3 + 13*n**2/2 - 10*n + 1. Suppose 0 = 4*c - 170 + 130. Let z be q(c). What is the highest common factor of z and 8?
4
Let q(u) = 3*u**2 - 9*u - 27. Let x be q(-9). What is the highest common divisor of 11 and x?
11
Suppose -4 = -h - 10. Let r(n) = n. Let z be r(h). Let k be 27/z*224/(-12). Calculate the highest common factor of k and 21.
21
Suppose -140 = 5*r - 940. Calculate the greatest common factor of r and 10.
10
Let g be ((-60)/8)/((-3)/6). Let m = -10 + 1. Let i = m + 15. Calculate the highest common divisor of g and i.
3
Let j(p) = 2*p - 12. Suppose -3*s + 5*s = 34. Suppose 3 = -2*o + s. Let a be j(o). Calculate the highest common divisor of a and 22.
2
Let v(c) = c**3 - c**2. Let z(d) = -3*d**3 - 3*d**2 + 2*d + 7. Let w(t) = -5*v(t) - z(t). Let x be w(3). Calculate the highest common factor of 1 and x.
1
Suppose 0*g - 2*g - m = 2, -5*g + 4*m = 31. Let u = 3 - g. Let q be -2 - (-2*u - 0). Calculate the greatest common factor of q and 30